p + 58 + a, -5*p = -3*j + 79. What is the tens digit of j?
2
Suppose -w + 83*r = 76*r - 47856, -r - 95790 = -2*w. What is the units digit of w?
8
Suppose 3*c = -2*z - 33 - 29, -2*c + 5*z - 73 = 0. Let x(v) = -v**3 - 25*v**2 - 25*v - 21. Let l be x(c). Suppose -l*k = -k - 4. What is the units digit of k?
2
Let x(d) = 4 + 50*d + 16*d**2 - d**3 + 8 - 5. What is the tens digit of x(18)?
5
Let f(s) = -1566*s**3 + 8*s**2 - 42*s - 99. What is the ten thousands digit of f(-3)?
4
Let h(p) = 20*p**3 - 36*p**2 + 84*p + 78. What is the units digit of h(11)?
6
Suppose -4*u + 3*f = 27, -19*u = -20*u + f - 8. What is the units digit of u*(-30)/18 + 238?
3
Suppose -29*q = -24*q - 15. Suppose -4*k + q*k - 1905 = -4*a, 3*a - 1434 = -k. What is the hundreds digit of a?
4
Suppose 0 = -d - 2*r + 4044, -3*r + 28 = 22. What is the hundreds digit of d?
0
Let y = -38 - -43. Let r be 35/(-1) + (-10)/y. Let h = -28 - r. What is the units digit of h?
9
Let x = -250 - -259. What is the units digit of 44/(-198) - (-2378)/x?
4
Let q be (-9)/(-18)*(1 - -253). Suppose -5*d = -268 - q. Suppose -d*g - 76 = -81*g. What is the tens digit of g?
3
Suppose -3*t = -3*z + z + 6, -5 = 3*z - t. What is the hundreds digit of 1/z + (-5 - 6040/(-30))?
1
Let b = 398 + -393. Suppose -896 = -2*k - 3*g, -k + 10*g + 474 = b*g. What is the tens digit of k?
5
Let i = 74 + -53. Let s be 8/14 + 3516/i. Suppose -5*w + s = -2*w. What is the tens digit of w?
5
Let k(i) = 183*i + 96. Suppose 5*c - 2*p = 10, -6*c - 4*p + 36 = -2*c. Let f(v) = -23*v - 12. Let t(q) = c*k(q) + 33*f(q). What is the tens digit of t(-4)?
9
Let w = 45 - 40. Suppose 2*d + 3*y + 1 + 2 = 0, 0 = -w*d - 2*y + 9. Suppose 0 = -0*q - d*q + 348. What is the tens digit of q?
1
Let y = -2605 - -12192. What is the thousands digit of y?
9
Suppose 3*t + 2*c - 15 = 19, 5*t - 2*c = 30. Suppose 2*a - 5*b - 2935 = 0, -t*a - 2925 = -10*a + 3*b. What is the tens digit of a?
5
Suppose -1950 = -5*u + 5*y - y, -2*u + 2*y = -780. Let j = -251 + u. What is the tens digit of (-1)/1 + j + 1?
3
Suppose 0*p - 47*p + 247126 = 0. What is the units digit of p?
8
Let q = 137 - -241. Suppose -w = -i + 233, 3*w = 4*i - q - 325. Let o = w - -341. What is the units digit of o?
2
Suppose 20*c - 24*c = -12. Let i be 230/(-138)*(0 + c/(-1)). Suppose 3*b + i*h - 93 = 0, 0*h + 2*h = -2*b + 58. What is the units digit of b?
6
Let i be (-70)/(-22) + 2/(-11). Suppose i*u - 30 = 2*u - 4*m, 3*u = 5*m + 5. Suppose -u*c = 10 - 30. What is the units digit of c?
2
Suppose 4*l + 256 = 5*z, -33 = 3*l - z + 148. Let u = 63 + l. What is the tens digit of 574/9 - u/(-18)?
6
Let m(j) be the first derivative of -298*j**2 - 49*j - 1. What is the units digit of m(-2)?
3
Suppose 3*l = -2*m - 1711 - 102, -3*l - m = 1814. Let x = -417 - l. Suppose -x = -0*g - 4*g. What is the tens digit of g?
4
Let x = -12005 - -17685. What is the hundreds digit of x?
6
Suppose 4*r + 3803 = -5*j, 3*j - 3046 = 7*j + 2*r. Let g = -414 - j. What is the tens digit of g?
4
Suppose -91*r = -178*r + 4763946. What is the units digit of r?
8
Suppose 20 = -4*p + 3*t + 270, -2*p = t - 120. Suppose 55*h - p*h = -2160. Suppose 0 = -104*b + 101*b + h. What is the units digit of b?
0
Let y = -124 - -100. Let s = -19 - y. What is the units digit of s?
5
Suppose 2*j - m + 34 = 157, 0 = 3*j - m - 186. Let b(t) = -8*t + 8. Let k be b(-3). Let q = j - k. What is the tens digit of q?
3
Let u be (-500)/(-18) - 14/(-63). Let y be -2*(-7)/(u/(-6)). Let p(x) = 5*x**2 - x + 5. What is the units digit of p(y)?
3
Let t(s) = 10*s**3 + 38*s**2 - 41*s + 14. What is the ten thousands digit of t(11)?
1
Let l = -326 - -329. Suppose -2*f = -4*n - 712, l*f - 400 - 668 = 5*n. What is the units digit of f?
6
Suppose -3*t + 3*p = 27, -t + 3*p + 3 = -4*t. Let f be t + 4 + (-3 - -2). What is the tens digit of (-255)/f + (-3)/6?
2
Let b = 93 + -93. Suppose 3*j + 671 = 5*c - 3, c - j - 134 = b. Suppose -4*o = -4, 3*v = -4*o + 3*o + c. What is the tens digit of v?
4
Suppose -28 = -186*b + 179*b. Suppose -b*u = 2*f - 4936, 7*u = 9*u - f - 2460. What is the units digit of u?
2
Suppose 4*b = 19 - 3. Let t be 6152/(-48) + (-2)/(-12) - b. Let i = t + 285. What is the hundreds digit of i?
1
Suppose n = 3*p - 11, -3*n = -3*p + 6*p + 9. Let a(b) = 42*b**3 + 3*b**2 - b + 1. What is the hundreds digit of a(p)?
3
Let w(j) = -42*j + 17. Suppose -6*n - 48 = 2*n. What is the units digit of w(n)?
9
Let v(m) = 21*m**3 + 2*m - 4. Let c be v(4). Suppose 2*b + s = c, -2*s + 364 = 2*b - 986. What is the hundreds digit of b?
6
Suppose -70*z = 4*x - 69*z - 6298, -2*z = 5*x - 7874. What is the thousands digit of x?
1
Suppose -127946 = -4*m - o, -41*m - 4*o + 31979 = -40*m. What is the units digit of m?
7
Let m = 363 + -597. What is the hundreds digit of (-24)/(-9)*m/(-4)?
1
Let z = -6709 + 14492. What is the hundreds digit of z?
7
What is the tens digit of 2076/(-5)*(-140)/8?
6
Let y(z) = z**3 + 8*z**2 - 30*z + 108. What is the hundreds digit of y(18)?
9
Let i be ((-1)/2)/((-1)/(-34)). Suppose 47*q - 1332 + 3823 = 0. Let u = i - q. What is the tens digit of u?
3
Let p = -24 + 26. Suppose -56 = -z + p*u, -4*z + 221 = u - 6*u. Let y = 143 - z. What is the units digit of y?
9
Let v be 9 + (6 - 4 - 9). Suppose -5*z + 577 = a, -5*a - 6*z + 2885 = -v*z. What is the units digit of a?
7
What is the units digit of 39/195 - (69408/(-10))/6?
7
Suppose -2*t = 5*z - 26, z - 4 = 3*t - 26. Let p be (-2)/(8/29*(-2)/t). What is the units digit of (-30)/45 - p/(-3)?
9
Let l = 134 + -499. Suppose -17*o = 51*o + 16864. Let c = o - l. What is the tens digit of c?
1
Let m = 38 + -34. Suppose -2*x - 112 + 433 = w, m*x = w + 627. Let c = -100 + x. What is the units digit of c?
8
Suppose 2*n + 53 = -49. Let x = n - -53. Suppose -2*q + 112 = x*q + 3*s, 4*q + 5*s - 112 = 0. What is the tens digit of q?
2
Let j(g) = 641*g**2 + 117*g + 108. What is the tens digit of j(-8)?
9
Suppose 5*z = -2*x + 15, -12 = -2*z - 2*x - 0*x. Let r be z - -51 - (4 + -2). Let o = r - 35. What is the units digit of o?
5
Let h = -85816 + 130952. What is the thousands digit of h?
5
Let l(q) = -213*q**3 - 200*q**3 - 20*q + 8*q**2 + 421*q**3 + 2. What is the hundreds digit of l(4)?
5
Let y(u) be the second derivative of 0 - 1/20*u**5 - 7/6*u**3 + u**4 + 6*u**2 - 26*u. What is the units digit of y(10)?
2
Let w = 21 - 8. Let g(s) = s**3 - 11*s**2 - 13*s + 17. Let y be g(w). Suppose 3*t = -y + 777. What is the hundreds digit of t?
1
Suppose -6*r + 3*r - 6 = 0. Let d be -3*(2616/(-9) + r). Let t = d - 612. What is the hundreds digit of t?
2
Suppose -4*b + 7*y + 667 = -29833, 3*b = 5*y + 22876. What is the tens digit of b?
3
Suppose -3*o = -2*y - 2*o - 27, o - 63 = 5*y. Let h be (-1 + 3/y*118)*-20. Suppose 0 = 5*w - 10*w + h. What is the hundreds digit of w?
1
Suppose -2*q = x + 117, 5*q + 285 = -3*x - 2*x. Let o = -27 - q. Suppose h + o = 153. What is the hundreds digit of h?
1
Suppose -12*m = 8*m - 9940. Suppose 1577 = 2*h + m. What is the tens digit of h?
4
Suppose -4*p = -57 - 7. Let d be 13/4 + -3 + (-180)/p. Let b = d - -35. What is the tens digit of b?
2
Let z(a) = -8*a**3 + a**2 + a + 1. Let x be z(-3). Let s = -1109 - -1220. Let i = x - s. What is the units digit of i?
2
Suppose 24 - 38 = -2*b. Suppose 20 = 9*a - b. Suppose 2*k - 531 = p + 15, -a*k + 806 = 5*p. What is the hundreds digit of k?
2
Let i be (15/9 + 3)/((-4)/18). Let z = i - -23. Suppose -z*k - 80 = -2*f + k, 2*k = -f + 33. What is the units digit of f?
7
Let v = 6195 + 4350. What is the units digit of v?
5
Let o(f) = f - 2. Let t(y) = -2*y**2 - 6*y + 39. Let q(j) = 4*o(j) - t(j). What is the tens digit of q(-21)?
2
What is the hundreds digit of -7 - (-2)/(-9*(-16)/228168)?
1
Suppose 3*u = -4*y + 8*u + 15, 4*y + 4*u + 12 = 0. What is the units digit of -33*(-522)/27 - y/1?
8
Suppose -2 = -0*m - m. Suppose -m*h + 1059 = -i, -3*h - 533 = -4*h + 4*i. What is the units digit of h?
9
Suppose 31 - 47 = -4*p. Suppose 0 = -3*u + 3, p*g = -g - u + 881. What is the hundreds digit of g?
1
Let o(h) = 6*h**2 + 18*h - 18. Let w(v) = v**2 - 2. Let k(u) = -o(u) + 12*w(u). What is the tens digit of k(-8)?
2
Let k(n) be the third derivative of -125*n**4/24 - 67*n**3/6 + 15*n**2 - n. What is the units digit of k(-5)?
8
Let p(x) = -3*x**2 + 17*x - 22. Let y(s) = 8*s**2 - 5